 by u?
16
Let d = -17 + 16. What is the remainder when 4 + (37 - d - 4) is divided by 21?
17
Suppose 13*w - 319 = -137. Suppose 4*f - 9 - 7 = 0. What is the remainder when w is divided by f?
2
What is the remainder when (-4)/(-2 - -38) + (-1265)/(-45) is divided by 25?
3
Suppose -u = 2*z - 20, 9*z - 5*z - 3*u - 50 = 0. What is the remainder when 21 is divided by z?
10
Let v(k) = k**3 - 10*k**2 + 10*k - 11. Let c be v(9). Suppose -2*h - 3 - 3 = 0. What is the remainder when 5 is divided by h/(-1) + c/2?
1
Let c = 276 - -90. Calculate the remainder when c is divided by 16.
14
Let j(a) = a + 76. Let o be j(0). Suppose -35 - 13 = -6*u. Suppose 4*h = u*n - 4*n - 76, -4*n = 2*h - o. What is the remainder when n is divided by 7?
5
Suppose 2*u = -3*q + 103, -5*u + 40*q = 44*q - 247. What is the remainder when u is divided by 13?
8
Let t = -12 + 7. Let c = t + 7. Suppose -c*o + 4*o = 38. What is the remainder when 74 is divided by o?
17
Suppose 6*p + 2*p - 32 = 0. What is the remainder when -2*1 - 15/(-1) is divided by p?
1
Suppose 2*f - 4*k = 7*f - 161, 0 = -3*f + 4*k + 71. Suppose f = z - 72. What is the remainder when z is divided by 34?
33
Suppose 0*q + 4 = 4*q. Let u = q - 1. Suppose 0 = -3*l - u*l + 150. Calculate the remainder when l is divided by 13.
11
Let u(g) = -17*g - 35. What is the remainder when u(-9) is divided by 17?
16
Let b(i) = i**3 - 6*i**2 + 6*i + 1. Let m be (-35 - -1)/((-12)/18). Let d = -31 + m. What is the remainder when b(6) is divided by d?
17
Let u be 16/(-6)*3*2/(-8). Suppose -i = -4 + 1, -m = u*i - 25. What is the remainder when 74 is divided by m?
17
Suppose 0 = f + w - 11, 20*f - 5*w = 23*f - 37. Calculate the remainder when 47 is divided by f.
2
Let n(y) = y**2 - 5*y - 2. Let c be n(-4). Suppose -5*a + c = 14. Suppose -2*h + 0*q = a*q - 20, -q = -4*h + 58. Calculate the remainder when h is divided by 4.
2
Suppose 2*v - 3 = 4*i - 145, -5*i - v = -160. What is the remainder when 1936/20 + (-3)/15*-1 is divided by i?
31
Suppose 0 = -x + 2 + 1. Let y(u) = 15*u - 8. Suppose -7*s = -8 + 1. What is the remainder when y(s) is divided by x?
1
Suppose 10*m + 80 = 14*m - y, -2*m + y = -38. Calculate the remainder when 248 is divided by m.
17
Let d(p) = -2*p**3 - 4*p**2 - 3*p - 1. Suppose 0 = -0*t - 6*t - 12. Calculate the remainder when 24 is divided by d(t).
4
Let a(h) = h - 13. Let z be a(-6). Let k(l) = -l**3 - 7*l**2 - 9*l - 6. Calculate the remainder when (-2 - z) + 3 + 2 is divided by k(-6).
10
Let b = 387 - 344. What is the remainder when 191 is divided by b?
19
Suppose 4*j - 18 - 907 = a, -3*j + 690 = -2*a. Calculate the remainder when j is divided by 40.
32
Suppose 3*r + 74 = 5*r. Let q(v) = -3*v - 16. Suppose 0 = -5*k - 3*l - 9 - 45, 2*k - 3*l = -30. Calculate the remainder when r is divided by q(k).
17
Let h(c) = 13*c - 2. Suppose 5*b + 1 - 6 = 0. Calculate the remainder when 31 is divided by h(b).
9
Let a(l) = 2*l + 1. Let m(h) = h**3 - 20*h**2 - 43*h + 34. What is the remainder when m(22) is divided by a(9)?
18
Let z(h) = 26*h**2 + 4. Let w be z(-4). Suppose 3*o - 8*o = -w. Suppose -j = -13 - o. What is the remainder when j is divided by 33?
31
Let o = -200 + 610. Calculate the remainder when o is divided by 46.
42
Suppose 0 = s - 24 - 13. Let t = s + -20. What is the remainder when 66 is divided by t?
15
Suppose 235 = 5*m + 3*w, 0 = -2*m - 5*w + 44 + 50. Suppose 2*h = -h + 48. Calculate the remainder when m is divided by h.
15
Let w be (-72)/7 - 6/(-21). Let o = w - -14. Let z(n) = 7*n - 5. Calculate the remainder when z(o) is divided by 6.
5
Suppose 0 = 3*p - 1 - 47. Suppose -5*r + 41 - p = t, -r + 4*t = -5. Suppose m - 1 = r. Calculate the remainder when 29 is divided by m.
5
Let m = 68 + -162. Calculate the remainder when (1 - m/(-10))/((-6)/45) is divided by 13.
11
Suppose 3*k = -1 + 4. Let x = 44 - 30. Calculate the remainder when x is divided by k/(2*((-188)/64 - -3)).
6
Suppose -5*i + 2*q = -2*q - 101, 4*q = 4. Let x be -92 + 1/(4/(-16)). Let g = x + 157. What is the remainder when g is divided by i?
19
Let h = -1017 + 1032. What is the remainder when 116 is divided by h?
11
Let b = 228 - 193. Let v = -2 - 20. Let f = v + b. Calculate the remainder when 51 is divided by f.
12
Let n be (84/9)/(4/6). Suppose -19*i = -n*i - 95. Calculate the remainder when 56 is divided by i.
18
Suppose 0 = 7*l - 3*l - 3*i - 260, -i - 314 = -5*l. Suppose 0*h + l = 4*r - 2*h, -65 = -4*r + 3*h. Calculate the remainder when 53 is divided by r.
11
Let p = 0 - 3. Calculate the remainder when (35/2 + p)*2 is divided by ((-5)/4)/((-4)/32).
9
Let k = -11 - -31. Let z = 45 - k. What is the remainder when z is divided by 14?
11
Let h = -11 + 28. Let q(z) = 34*z + 2. Let o be q(-1). Let x = 82 + o. Calculate the remainder when x is divided by h.
16
Let m(f) = 6 - 7*f + 3 + 2. Let j be m(-5). Suppose n - j = -n. What is the remainder when n is divided by 6?
5
Let w = 11 - -1. Let a(u) = 2*u**2 - 17*u + 2. Let i be a(16). Calculate the remainder when (-28)/49 + i/7 is divided by w.
10
Suppose -3*w - 16 = 2*l - 56, -2*l + 72 = -5*w. What is the remainder when 77 is divided by l?
25
Let n be (0 + (-3 - -4))*14. Suppose -113 = -n*t + 69. What is the remainder when 19 is divided by t?
6
Suppose 17*d - 116 = 377. Calculate the remainder when 112 is divided by d.
25
What is the remainder when 239 is divided by (-85)/(-3) + (136/(-12) - -10)?
23
Suppose 320*t - 327*t + 70 = 0. Suppose 0 = 4*o - w - 2*w - 132, 3*o - 3*w - 99 = 0. What is the remainder when o is divided by t?
3
Suppose -2*k = -k - 3. Suppose -k*q + 5*q = -22. Calculate the remainder when (-2)/q + (-2148)/(-44) is divided by 10.
9
Let z be -2 + (5 - 0) - (141 - -1). Let j = z + 259. What is the remainder when j is divided by 41?
38
Suppose -d - d + 130 = 0. Let w be (-6)/21 - 156/(-7). Suppose -a + w = 5. What is the remainder when d is divided by a?
14
Suppose -10*b + 20 = -6*b. What is the remainder when 5510/114 + 10/6 is divided by b?
0
Let x(l) = l**3 - 6*l**2 + 9*l + 7. Suppose 5*t = g - 1, 4*t - 41 = -4*g - 13. What is the remainder when x(g) is divided by 21?
19
Suppose 0 = 3*r + 3*f - 43 - 26, -f = -r + 13. What is the remainder when 67 is divided by r?
13
Suppose 0 = -b + 61 + 39. What is the remainder when b is divided by 28?
16
Let k = -194 - -244. Suppose 4 = 3*d + 1, 4*c - 73 = -5*d. Suppose 0*j = j - c. Calculate the remainder when k is divided by j.
16
Let s = -20 - -65. What is the remainder when 51 is divided by s?
6
What is the remainder when 817 - (13 - 7 - 2) is divided by 22?
21
Let n(i) = 5*i**3 - i**2 - 1. Suppose -2*h + 18 = 6. What is the remainder when n(2) is divided by h?
5
Let q(y) = -y**3 + 5*y**2 + 3*y - 5. Let n(c) = 2*c**3 - 4*c**2 + 4*c - 3. Let d = 0 - -2. Let k be n(d). What is the remainder when 18 is divided by q(k)?
8
Let l = 110 - 100. Suppose 5*k = l*k - 20. Calculate the remainder when 15 is divided by k.
3
Let k(w) = -4*w + 10. Suppose 0 = -3*o + 5*o - 84. Calculate the remainder when o is divided by k(-3).
20
Suppose 13*k + 21 = 242. Calculate the remainder when 125 is divided by k.
6
Suppose -2*i - 3*i + 5 = 0. Suppose -778 = 4*y - 818. Calculate the remainder when y is divided by i.
0
Suppose -10*p + 565 - 75 = 0. Calculate the remainder when 127 is divided by p.
29
Let o = -10 + -4. Let s = o + 24. Calculate the remainder when s is divided by 4.
2
Suppose 17*g = 5114 + 20. What is the remainder when g is divided by 16?
14
Let x be (-15 - -19) + (33 - 1). What is the remainder when 31/(-1 + -4 + 6) is divided by ((-4)/8)/((-2)/x)?
4
Let f = -32 + -2. Let z(k) = k + 62. Calculate the remainder when 99 is divided by z(f).
15
Suppose -x + 45 = -44. Suppose -41 = -5*v + x. What is the remainder when 76 is divided by v?
24
Let b(j) = -45*j**3 - 2*j**2 - j. Suppose 4*g - 32 = 148. Let c = 54 - g. What is the remainder when b(-1) is divided by c?
8
Suppose 0 = -4*z - z - 40. Calculate the remainder when 76 is divided by (z/(-12))/((-6)/(-117)).
11
Suppose 0*j - 4*h = -4*j + 36, 4*j + 2*h = 48. Suppose -13*x + 304 = 3*x. What is the remainder when x is divided by j?
8
Let g = 791 + -494. Calculate the remainder when g is divided by 23.
21
Let m = 0 + 8. Suppose -26*k + 24*k = -j - 79, -168 = -4*k + 4*j. Calculate the remainder when k is divi